1444 = -3*p. Is 12 a factor of p?
True
Let c(v) = -63*v - 15. Let f = -2 - 3. Let y be c(f). Suppose -3*l = 3*l - y. Does 19 divide l?
False
Let q = -5 + 5. Suppose q*k = -2*k + 6. Suppose 4*c = 5*a - 74, k*c - 98 = -5*a + c. Is 14 a factor of a?
False
Let l(v) = v**2 + v + 1. Let m(x) = 6*x**2 - 14*x - 12. Let n(k) = -3*l(k) + m(k). Is 10 a factor of n(8)?
False
Suppose 0 = 4*g + 5*d + 3, 0*g + 2*d + 2 = -2*g. Let n be 102/(6*g/(-8)). Suppose -20 - n = -4*o. Is 8 a factor of o?
False
Let f = -813 - -1677. Is 36 a factor of f?
True
Suppose 98 + 21 = -7*w. Suppose 0 - 3 = -r, -4*r = 5*p - 17. Does 19 divide (w + -2)*(-2 + p)?
True
Suppose 13*s - 1558 = 171. Is s a multiple of 13?
False
Suppose -138*k + 141*k = -3. Let y = 43 + k. Is y a multiple of 10?
False
Let v be (1/(-5))/((-2)/50). Suppose 0 = -0*n - 5*n - 4*y + 270, 54 = n - v*y. Is 17 a factor of n?
False
Suppose 0 = -3*s + 12, -8*z = -4*z - 5*s - 1992. Is z a multiple of 12?
False
Let x = -6 - -58. Suppose 0 = -4*k + 40 + x. Is 3 a factor of k?
False
Is 43 a factor of (48/(-15) + 2)/((-1)/160)?
False
Let x = 7 - 2. Suppose x*d - 538 = 3*d. Let a = -169 + d. Does 20 divide a?
True
Let r be 2 + 1 - (-2210)/17. Let c = r + -39. Let a = c - 22. Is a a multiple of 20?
False
Suppose 0 = 5*a - 4*g + 165, -a - 39 + 6 = -2*g. Is (18/10)/(a/(-385)) a multiple of 14?
False
Suppose 7*v = 9*v - 6. Suppose 2*q + 4*r = -2*q + 236, 0 = v*r - 12. Does 31 divide q?
False
Let a(h) = 8*h + 3. Suppose 5*z = -60 + 75. Does 3 divide a(z)?
True
Suppose -p = -h + 4*p + 910, 2*p - 6 = 0. Suppose -5*s + 3*f + 1147 = 0, s + 3*s + 5*f = h. Does 46 divide s?
True
Let w(u) = 2*u**2 + 4*u + 5. Let m be w(-2). Suppose -1121 = -m*o + 3*b + 32, -4*o + 924 = -4*b. Suppose 2*i + 3*i - o = 0. Is 31 a factor of i?
False
Is 49 a factor of -10*6/12 - -498 - 3?
True
Suppose -5*n + 553 = -87. Let x = -166 + 90. Let r = x + n. Does 25 divide r?
False
Let g = 60 + 776. Does 29 divide g?
False
Suppose 2*b = -3*u + 73, -12 = -5*u + u. Is 8 a factor of b?
True
Let y(t) = 11*t**2 - 2*t + 8. Does 48 divide y(2)?
True
Let l be 9 - (-4)/(-5)*(-5)/2. Suppose 4*k = 3*z + 6 + 11, 3*z + 9 = 0. Suppose k*p = -3 + l. Is p even?
True
Let c(m) be the second derivative of 17*m**3/3 - 37*m**2 - 56*m. Does 11 divide c(8)?
True
Let l(m) = -m**2 - 7*m. Let z(p) = 3*p - 21. Let f(n) = -n + 7. Let v(t) = 8*f(t) + 3*z(t). Let r be v(3). Does 3 divide l(r)?
True
Let x(q) = q**3 - 58*q**2 + 127*q - 18. Is x(56) a multiple of 77?
False
Suppose 0 = 2*p - 3*c + 5, -4*c + 17 + 3 = 0. Suppose p*h - 5*s + 141 = -2*s, 4*s = 2*h + 62. Does 3 divide 4/(-6)*h/2?
True
Suppose -36*i = -5*h - 35*i - 6, 0 = 2*h - 2*i + 4. Let z(v) = 2*v + 2. Let y be z(4). Let a = h + y. Is a a multiple of 9?
True
Let j(g) = -g**2 + 2*g + 6. Let u be j(0). Let b(l) = l - 6. Let n be b(u). Suppose -5*w + o = -4*o - 85, n = 2*w + 2*o - 22. Does 7 divide w?
True
Suppose y + 3*y = 4. Suppose 3*p + y = 22. Suppose -p*q = -10*q + 27. Is 9 a factor of q?
True
Suppose 4*q - 62 = -2*x, -53 = -3*x - 2*q + 6*q. Suppose 0 = -5*m + 2 + x. Suppose m*d = 9*d - 36. Is d a multiple of 6?
False
Let m(k) = -3*k**2 - 104*k - 3. Is m(-34) a multiple of 6?
False
Let u = 18 + -18. Suppose 3*r - 1 - 2 = u. Suppose -2*w = 4*f - 74, -f - 5 = -r. Does 20 divide w?
False
Let g be 2/(-3)*-13*3. Suppose 616 = -g*q + 30*q. Does 11 divide q?
True
Let j(w) = -w**3 + 54*w**2 - 33*w + 46. Does 12 divide j(53)?
False
Does 38 divide 2964/(-16)*(-15 - 1)?
True
Suppose 20 = 3*o - 10. Let v = o + -7. Suppose 89 = -4*p + 5*p + 5*f, v*p - 5*f - 187 = 0. Is p a multiple of 23?
True
Let y(v) = -v + 14. Let p be y(6). Let q = p - 8. Suppose q = 2*x - 3*d - 267, x + 0*x - 106 = -4*d. Does 30 divide x?
False
Suppose -6 = -4*y + 3*y + 2*a, y + 4*a = -24. Is 10 a factor of (45 + y - 3) + 2?
True
Let a = -372 - -484. Is 3 a factor of a?
False
Suppose 0 = -2*x + z + 1 + 20, 0 = -x + 5*z + 24. Suppose -2*i = -22*i. Suppose -x*b = -i*b - 648. Is 12 a factor of b?
True
Let g(d) = 0*d + 11 - 4*d + 5*d + 14. Is g(-14) a multiple of 2?
False
Suppose 71*q + 42*q = 236509. Is q a multiple of 48?
False
Let l(r) = -2*r**2 + r. Let y be l(-1). Does 7 divide (-193)/(-4) + y/12?
False
Let m = 1638 + -1293. Is 3 a factor of m?
True
Suppose 1 = s - 3*f - 6, -2*f = 3*s + 23. Is (34/s)/(4/(-10)) a multiple of 8?
False
Let a(u) = 5*u. Let x be a(4). Let d(j) = -5*j - 5. Let c be d(-7). Let h = c + x. Is 21 a factor of h?
False
Suppose 119*m + 656 = 123*m. Does 41 divide m?
True
Let x = 547 + -151. Is 44 a factor of x?
True
Let h be (20 - -1) + (3 - -1). Is 16 a factor of (-39)/(-15) + (-15)/h - -73?
False
Suppose -5*l - 10 = 0, -3*g + 2*l + 83 = -428. Is g a multiple of 14?
False
Suppose 11*o = -2*o + 3029. Suppose -170 - o = -13*p. Is 7 a factor of p?
False
Let a = -695 - -1233. Does 15 divide a?
False
Let d(w) = -w**3 + 38*w**2 - 36*w + 159. Is 28 a factor of d(37)?
True
Let h be (-7)/(-2) + (-8)/16 - -12. Suppose 9*u = 4*u. Suppose u = -0*r - r + h. Does 5 divide r?
True
Let m(d) be the second derivative of d**4/6 + 5*d**3/6 - 13*d**2 + 17*d. Is m(8) a multiple of 10?
False
Does 9 divide 28/(-8) - (-6245)/10?
True
Let p(r) = -r**3 - 2*r**2 + r - 14. Let o be p(0). Let w = -9 - o. Let f(v) = v**3 - 3*v**2 - v + 1. Is 23 a factor of f(w)?
True
Let o(l) = -22*l - 1. Let q be o(-2). Suppose q = -5*p - 27. Let u = 32 + p. Does 13 divide u?
False
Let z(n) = 477*n**3 - 2*n**2 + 6*n - 6. Does 19 divide z(1)?
True
Suppose -58 = 5*z - 0*n - n, -3*z - 5*n = 18. Let f = z + 35. Suppose -6*d + f = -3*d. Does 5 divide d?
False
Suppose -2*m + 180 = 3*m. Suppose 20 = x - m. Does 4 divide x?
True
Suppose -11 - 31 = 6*t. Let h = t + 85. Does 23 divide h?
False
Suppose -21*f + 23*f - 10 = 0. Suppose 0 = 3*v + o - 6*o + 15, -3*v + 3*o - 9 = 0. Suppose -f*n - 4*l + 9*l + 65 = v, 4*l + 28 = n. Does 3 divide n?
False
Let h = -110 + 113. Suppose 0 = -h*r + 10*r - 77. Does 10 divide r?
False
Suppose -3*s + 19 - 4 = 0. Let b = 54 + 63. Suppose 0 = -x, -5*t + 138 = s*x - b. Is t a multiple of 18?
False
Is 18 a factor of -16 + 9 - (-224 + 1)?
True
Let t = -13 + 35. Let m = -3 + t. Does 5 divide m?
False
Let q be 0/13 + 1 + 1. Suppose -4*m + 3*a + 141 = 2*a, -75 = -q*m + 5*a. Is 14 a factor of 2744/m + (-2)/5?
False
Let z(i) = 11*i**3 - 5*i**2 + 4*i + 4. Is z(3) a multiple of 16?
False
Let a(h) = -h**3 + 4*h**2 - 12*h + 6. Let p be a(10). Is 2 + (-8)/3 - p/18 a multiple of 13?
True
Suppose 4*n + 305 = 4*z + 6125, 4*n = 5*z + 5824. Is n a multiple of 11?
False
Let d be -30*(-8)/10*8/16. Suppose -d*n + 17*n = 145. Does 29 divide n?
True
Suppose -4*z + 7*z - 6 = 0. Suppose -5*t + 93 = -z*t. Suppose -w - 11 + t = 0. Does 4 divide w?
True
Suppose 60*m - 9870 = 39*m. Does 3 divide m?
False
Suppose 778 = -21*b + 19006. Is 39 a factor of b?
False
Suppose 4*j - 24 = -3*d, 8 + 1 = -3*j. Does 34 divide (-130 - 2)*d/(-8)?
False
Let o(p) = -p**2 - 4*p + 2. Let i be o(-2). Let n = i + 30. Does 18 divide n?
True
Let g(f) = f**3 + 8*f**2 + 12*f + 17. Let s be g(-7). Does 3 divide (-970)/(-18) - s/162?
True
Let v be (-112)/(-24)*(-9)/(-6). Let c(u) = u**2 + 6. Is c(v) a multiple of 11?
True
Does 22 divide 6611/44 + -8 + (-2)/8?
False
Let o(p) = -p + 1 + 0 + 0. Let k be (-6)/(-27) - (-112)/(-18). Is 7 a factor of o(k)?
True
Let s be (1 - -3) + 31 + -4. Let d be (2 - 3) + (-1 - 10). Let a = s + d. Does 7 divide a?
False
Let b(j) = -5*j**2 - 23*j + 7. Let x be b(-5). Let f(p) = -16*p - 13. Is f(x) a multiple of 5?
True
Suppose 2*a + 4*w = -a + 687, -2*a = 5*w - 465. Let x = -150 + a. Suppose -x = n - 6*n. Is 6 a factor of n?
False
Suppose 4*n + 24 = -0*n. Does 19 divide (-23)/(-1) + 2 + n?
True
Let z = -345 - -576. Does 33 divide z?
True
Let h = -16 + 16. Suppose 2*z + t = -2*t + 16, h = -3*t. Suppose 9*m - 25 = z*m. Does 8 divide m?
False
Suppose -1352 = -x + 4*m, 29*m - 4056 = -3*x + 28*m. Is x a multiple of 26?
True
Let q = 11 - 18. Let r = q + 13. Let g(v) = 11*v + 8. Is g(r) a multiple of 24?
False
Let l = 236 + 358. Is l a multiple of 27?
True
Suppose -4*l + 1531 = -3*u + 2*u, 5*l - 4607 = 3*u. Does 18 divide u/19*20/(-6)?
True
Suppose 22*y - 10354 - 20930 = 0. Is y a multiple of 17?
False
Is 2 a factor of 21/(273/26)*(1 - -76)?
True
Let n(f) = -49*f - 2. Let h be n(1). Let t = h - -115.